{"id":12555,"date":"2016-09-16T10:21:07","date_gmt":"2016-09-16T10:21:07","guid":{"rendered":"http:\/\/medical-clinic.cmsmasters.net\/?page_id=12555"},"modified":"2025-05-07T19:03:43","modified_gmt":"2025-05-07T19:03:43","slug":"medicinageneral","status":"publish","type":"page","link":"https:\/\/clinicasadventistas.org\/index.php\/medicinageneral\/","title":{"rendered":"Medicina General"},"content":{"rendered":"<div id=\"cmsmasters_row_3d2d6cd987\" class=\"cmsmasters_row cmsmasters_color_scheme_default cmsmasters_row_top_default cmsmasters_row_bot_default cmsmasters_row_boxed\">\n<div class=\"cmsmasters_row_outer_parent\">\n<div class=\"cmsmasters_row_outer\">\n<div class=\"cmsmasters_row_inner\">\n<div class=\"cmsmasters_row_margin\">\n<div id=\"cmsmasters_column_ab25d80adf\" class=\"cmsmasters_column one_first\">\n<div class=\"cmsmasters_column_inner\"><div class=\"cmsmasters_img  cmsmasters_image_n\"><img decoding=\"async\" src=\"https:\/\/clinicasadventistas.org\/wp-content\/uploads\/2025\/04\/slider5-300x169.jpg\" alt=\"home5\" \/><\/div><div id=\"cmsmasters_heading_7c5b1aa213\" class=\"cmsmasters_heading_wrap cmsmasters_heading_align_left\">\n\t<h2 class=\"cmsmasters_heading\">Medicina General<\/h2>\n<\/div><div class=\"cmsmasters_text\">\n<h3 class=\"\" data-start=\"148\" data-end=\"175\">\ud83e\ude7a\u00a0<strong data-start=\"155\" data-end=\"175\">Medicina General<\/strong><\/h3>\n<p class=\"\" data-start=\"177\" data-end=\"448\"><strong data-start=\"177\" data-end=\"200\">La Medicina General<\/strong>\u00a0es la puerta de entrada a los servicios de salud integrales que ofrecen nuestras cl\u00ednicas adventistas. Esta especialidad se enfoca en la atenci\u00f3n m\u00e9dica primaria, brindando un abordaje amplio, humano y preventivo para personas de todas las edades.<\/p>\n<p class=\"\" data-start=\"450\" data-end=\"500\">Nuestros m\u00e9dicos generales est\u00e1n capacitados para:<\/p>\n<ul data-start=\"501\" data-end=\"670\">\n<li class=\"\" data-start=\"501\" data-end=\"540\">\n<p class=\"\" data-start=\"503\" data-end=\"540\">Evaluar s\u00edntomas comunes y complejos.<\/p>\n<\/li>\n<li class=\"\" data-start=\"541\" data-end=\"575\">\n<p class=\"\" data-start=\"543\" data-end=\"575\">Realizar diagn\u00f3sticos iniciales.<\/p>\n<\/li>\n<li class=\"\" data-start=\"576\" data-end=\"614\">\n<p class=\"\" data-start=\"578\" data-end=\"614\">Proporcionar tratamientos efectivos.<\/p>\n<\/li>\n<li class=\"\" data-start=\"615\" data-end=\"670\">\n<p class=\"\" data-start=\"617\" data-end=\"670\">Derivar al especialista adecuado cuando es necesario.<\/p>\n<\/li>\n<\/ul>\n<p class=\"\" data-start=\"672\" data-end=\"939\">En el contexto de nuestra\u00a0<strong data-start=\"698\" data-end=\"729\">red de cl\u00ednicas adventistas<\/strong>, la Medicina General no solo atiende lo f\u00edsico, sino que integra valores cristianos y principios de salud basados en la confianza, la prevenci\u00f3n y el bienestar integral del paciente \u2014 cuerpo, mente y esp\u00edritu.<\/p>\n<\/div>\n<div id=\"cmsmasters_divider_5fdec0f4e4\" class=\"cmsmasters_divider cmsmasters_divider_width_long cmsmasters_divider_pos_center\"><\/div>\n<\/div><\/div>\n<\/div>\n<\/div>\n<\/div>\n<\/div>\n<\/div>\n<div id=\"cmsmasters_row_efc2f8c738\" class=\"cmsmasters_row cmsmasters_color_scheme_default cmsmasters_row_top_default cmsmasters_row_bot_default cmsmasters_row_boxed\">\n<div class=\"cmsmasters_row_outer_parent\">\n<div class=\"cmsmasters_row_outer\">\n<div class=\"cmsmasters_row_inner\">\n<div class=\"cmsmasters_row_margin\">\n<div id=\"cmsmasters_column_8bc73d9f32\" class=\"cmsmasters_column one_first\">\n<div class=\"cmsmasters_column_inner\">\n<div id=\"cmsmasters_divider_fcd366fe47\" class=\"cmsmasters_divider cmsmasters_divider_width_long cmsmasters_divider_pos_center\"><\/div>\n<div id=\"cmsmasters_heading_8a1860348a\" class=\"cmsmasters_heading_wrap cmsmasters_heading_align_left\">\n\t<h2 class=\"cmsmasters_heading\">Nuestros Profesionales en Salud<\/h2>\n<\/div><div id=\"cmsmasters_heading_933d555e85\" class=\"cmsmasters_heading_wrap cmsmasters_heading_align_left\">\n\t<h2 class=\"cmsmasters_heading\">&#8220;Profesionales dedicados que brindan atenci\u00f3n de calidad para tu bienestar y salud.&#8221;<\/h2>\n<\/div>\n<\/div><\/div>\n<\/div>\n<\/div>\n<\/div>\n<\/div>\n<\/div>\n<div id=\"cmsmasters_row_81e65c1f14\" class=\"cmsmasters_row cmsmasters_color_scheme_default cmsmasters_row_top_default cmsmasters_row_bot_default cmsmasters_row_boxed\">\n<div class=\"cmsmasters_row_outer_parent\">\n<div class=\"cmsmasters_row_outer\">\n<div class=\"cmsmasters_row_inner\">\n<div class=\"cmsmasters_row_margin\">\n<div id=\"cmsmasters_column_e7502f54d3\" class=\"cmsmasters_column one_first\">\n<div class=\"cmsmasters_column_inner\">\n<p><\/p>\n<\/div><\/div>\n<\/div>\n<\/div>\n<\/div>\n<\/div>\n<\/div>\n<div id=\"cmsmasters_row_30767dc44d\" class=\"cmsmasters_row cmsmasters_color_scheme_default cmsmasters_row_top_default cmsmasters_row_bot_default cmsmasters_row_boxed\">\n<div class=\"cmsmasters_row_outer_parent\">\n<div class=\"cmsmasters_row_outer\">\n<div class=\"cmsmasters_row_inner\">\n<div class=\"cmsmasters_row_margin\">\n<div id=\"cmsmasters_column_35acea6cd1\" class=\"cmsmasters_column one_first\">\n<div class=\"cmsmasters_column_inner\">\n<div id=\"cmsmasters_divider_ecd9691986\" class=\"cmsmasters_divider cmsmasters_divider_width_long cmsmasters_divider_pos_center\"><\/div>\n<div id=\"cmsmasters_heading_6bf38be586\" class=\"cmsmasters_heading_wrap cmsmasters_heading_align_left\">\n\t<h2 class=\"cmsmasters_heading\">\u00a1Agendar Cita!<\/h2>\n<\/div><div id=\"cmsmasters_heading_5ed29ed554\" class=\"cmsmasters_heading_wrap cmsmasters_heading_align_left\">\n\t<h2 class=\"cmsmasters_heading\">&#8220;Agenda tu cita f\u00e1cilmente y recibe atenci\u00f3n m\u00e9dica personalizada.&#8221;<\/h2>\n<\/div>\n<div class=\"cmsmasters_contact_form\" data-animation=\"fadeIn\" data-delay=\"0\">\n<div class=\"wpcf7 no-js\" id=\"wpcf7-f13086-o1\" lang=\"en-US\" dir=\"ltr\" data-wpcf7-id=\"13086\">\n<div class=\"screen-reader-response\"><p role=\"status\" aria-live=\"polite\" aria-atomic=\"true\"><\/p> <ul><\/ul><\/div>\n<form action=\"\/index.php\/wp-json\/wp\/v2\/pages\/12555#wpcf7-f13086-o1\" method=\"post\" class=\"wpcf7-form init\" aria-label=\"Contact form\" novalidate=\"novalidate\" data-status=\"init\">\n<fieldset class=\"hidden-fields-container\"><input type=\"hidden\" name=\"_wpcf7\" value=\"13086\" \/><input type=\"hidden\" name=\"_wpcf7_version\" value=\"6.1.2\" \/><input type=\"hidden\" name=\"_wpcf7_locale\" value=\"en_US\" \/><input type=\"hidden\" name=\"_wpcf7_unit_tag\" value=\"wpcf7-f13086-o1\" \/><input type=\"hidden\" name=\"_wpcf7_container_post\" value=\"0\" \/><input type=\"hidden\" name=\"_wpcf7_posted_data_hash\" value=\"\" \/>\n<\/fieldset>\n<div class=\"cmsmasters_row_margin cmsmasters_1212\">\n\t<div class=\"cmsmasters_column one_half\">\n\t\t<p><br \/>\n<span class=\"wpcf7-form-control-wrap\" data-name=\"menu-372\"><select class=\"wpcf7-form-control wpcf7-select\" aria-invalid=\"false\" name=\"menu-372\"><option value=\"Seleccionar Sucursal\">Seleccionar Sucursal<\/option><option value=\"Ciudad Ju\u00e1rez\">Ciudad Ju\u00e1rez<\/option><option value=\"Ciudad Obreg\u00f3n\">Ciudad Obreg\u00f3n<\/option><option value=\"Loreto\">Loreto<\/option><option value=\"Loreto Centro\">Loreto Centro<\/option><option value=\"Valle de la trinidad\">Valle de la trinidad<\/option><\/select><\/span>\n\t\t<\/p>\n\t\t<p><br \/>\n<span class=\"wpcf7-form-control-wrap\" data-name=\"menu-372\"><select class=\"wpcf7-form-control wpcf7-select\" aria-invalid=\"false\" name=\"menu-372\"><option value=\"Seleccionar Especialidad\">Seleccionar Especialidad<\/option><option value=\"Oftalmolog\u00eda\">Oftalmolog\u00eda<\/option><option value=\"Odontolog\u00eda\">Odontolog\u00eda<\/option><option value=\"Psicolog\u00eda\">Psicolog\u00eda<\/option><option value=\"Fisioterapia\">Fisioterapia<\/option><option value=\"Laboratorio Cl\u00ednico\">Laboratorio Cl\u00ednico<\/option><\/select><\/span>\n\t\t<\/p>\n\t\t<p><br \/>\n<span class=\"wpcf7-form-control-wrap\" data-name=\"your-name\"><input size=\"40\" maxlength=\"400\" class=\"wpcf7-form-control wpcf7-text\" aria-invalid=\"false\" placeholder=\"Tu nombre\" value=\"\" type=\"text\" name=\"your-name\" \/><\/span>\n\t\t<\/p>\n\t\t<p><br \/>\n<span class=\"wpcf7-form-control-wrap\" data-name=\"your-email\"><input size=\"40\" maxlength=\"400\" class=\"wpcf7-form-control wpcf7-text\" aria-invalid=\"false\" placeholder=\"Tu Correo Electr\u00f3nico\" value=\"\" type=\"text\" name=\"your-email\" \/><\/span>\n\t\t<\/p>\n\t<\/div>\n\t<div class=\"cmsmasters_column one_half\">\n\t\t<p><br \/>\n<span class=\"wpcf7-form-control-wrap\" data-name=\"menu-372\"><select class=\"wpcf7-form-control wpcf7-select\" aria-invalid=\"false\" name=\"menu-372\"><option value=\"Horarios\">Horarios<\/option><option value=\"7:00 AM\">7:00 AM<\/option><option value=\"08:00 AM\">08:00 AM<\/option><option value=\"9:00 AM\">9:00 AM<\/option><option value=\"10:00 AM\">10:00 AM<\/option><option value=\"11:00 AM\">11:00 AM<\/option><option value=\"12:00 AM\">12:00 AM<\/option><option value=\"1:00 PM\">1:00 PM<\/option><option value=\"2:00 PM\">2:00 PM<\/option><option value=\"3:00 PM\">3:00 PM<\/option><option value=\"4:00 PM\">4:00 PM<\/option><option value=\"5:00 PM\">5:00 PM<\/option><option value=\"6:00 PM\">6:00 PM<\/option><\/select><\/span>\n\t\t<\/p>\n\t\t<p><br \/>\n<span class=\"wpcf7-form-control-wrap\" data-name=\"phone\"><input size=\"40\" maxlength=\"400\" class=\"wpcf7-form-control wpcf7-tel wpcf7-text wpcf7-validates-as-tel\" aria-invalid=\"false\" placeholder=\"Tel\u00e9fono\" value=\"\" type=\"tel\" name=\"phone\" \/><\/span>\n\t\t<\/p>\n\t\t<p><span class=\"wpcf7-form-control-wrap\" data-name=\"date-657\"><input class=\"wpcf7-form-control wpcf7-date wpcf7-validates-as-required wpcf7-validates-as-date\" min=\"2025-01-01\" max=\"2025-12-31\" aria-required=\"true\" aria-invalid=\"false\" value=\"2025-04-30\" type=\"date\" name=\"date-657\" \/><\/span>\n\t\t<\/p>\n\t<\/div>\n<\/div>\n<div class=\"cmsmasters_row_margin cmsmasters_11\">\n\t<div class=\"cmsmasters_column one_first\">\n\t\t<p><br \/>\n<span class=\"wpcf7-form-control-wrap\" data-name=\"your-message\"><textarea cols=\"40\" rows=\"10\" maxlength=\"2000\" class=\"wpcf7-form-control wpcf7-textarea\" aria-invalid=\"false\" placeholder=\"Mensaje*\" name=\"your-message\"><\/textarea><\/span>\n\t\t<\/p>\n\t<\/div>\n\t<div class=\"cmsmasters_column one_first\">\n\t\t<p><input class=\"wpcf7-form-control wpcf7-submit has-spinner\" type=\"submit\" value=\"Agendar Ahora\" \/>\n\t\t<\/p>\n\t<\/div>\n<\/div><div class=\"wpcf7-response-output\" aria-hidden=\"true\"><\/div>\n<\/form>\n<\/div>\n<\/div>\n<\/div><\/div>\n<\/div>\n<\/div>\n<\/div>\n<\/div>\n<\/div>\n\n","protected":false},"excerpt":{"rendered":"","protected":false},"author":1,"featured_media":0,"parent":0,"menu_order":0,"comment_status":"closed","ping_status":"closed","template":"","meta":{"content-type":"","footnotes":""},"class_list":["post-12555","page","type-page","status-publish","hentry"],"_links":{"self":[{"href":"https:\/\/clinicasadventistas.org\/index.php\/wp-json\/wp\/v2\/pages\/12555","targetHints":{"allow":["GET"]}}],"collection":[{"href":"https:\/\/clinicasadventistas.org\/index.php\/wp-json\/wp\/v2\/pages"}],"about":[{"href":"https:\/\/clinicasadventistas.org\/index.php\/wp-json\/wp\/v2\/types\/page"}],"author":[{"embeddable":true,"href":"https:\/\/clinicasadventistas.org\/index.php\/wp-json\/wp\/v2\/users\/1"}],"replies":[{"embeddable":true,"href":"https:\/\/clinicasadventistas.org\/index.php\/wp-json\/wp\/v2\/comments?post=12555"}],"version-history":[{"count":13,"href":"https:\/\/clinicasadventistas.org\/index.php\/wp-json\/wp\/v2\/pages\/12555\/revisions"}],"predecessor-version":[{"id":14258,"href":"https:\/\/clinicasadventistas.org\/index.php\/wp-json\/wp\/v2\/pages\/12555\/revisions\/14258"}],"wp:attachment":[{"href":"https:\/\/clinicasadventistas.org\/index.php\/wp-json\/wp\/v2\/media?parent=12555"}],"curies":[{"name":"wp","href":"https:\/\/api.w.org\/{rel}","templated":true}]}}